{"id":698,"date":"2026-02-04T18:21:53","date_gmt":"2026-02-04T18:21:53","guid":{"rendered":"https:\/\/x-sign.de\/?page_id=698"},"modified":"2026-02-05T14:41:17","modified_gmt":"2026-02-05T14:41:17","slug":"datenschutzerklaerung","status":"publish","type":"page","link":"https:\/\/x-sign.de\/?page_id=698","title":{"rendered":"Datenschutzerkl\u00e4rung"},"content":{"rendered":"<p><strong>Datenschutzerkl\u00e4rung<\/strong><\/p>\n<p>Wir nehmen den Schutz Ihrer pers\u00f6nlichen Daten sehr ernst und behandeln Ihre personenbezogenen Daten vertraulich und entsprechend der europ\u00e4ischen und bundesgesetzlichen Datenschutzvorschriften sowie dieser Datenschutzerkl\u00e4rung.<\/p>\n<ol>\n<li><strong> Name und Anschrift des f\u00fcr die Verarbeitung Verantwortlichen<\/strong><\/li>\n<\/ol>\n<p>Die verantwortliche im Sinne der Datenschutz-Grundverordnung, Bundesdatenschutzgesetz und anderer nationaler Datenschutzgesetze sowie sonstiger datenschutzrechtlicher Bestimmungen ist die:<\/p>\n<p>Xsign<br \/>\nAndreas Kahl\u00a0 Werbetechnik<br \/>\nSchilder &amp; Lichtreklame\u00a0 \u00a0Meisterbetrieb<\/p>\n<p>Edelfeldweg 10 R\u00fcckgeb\u00e4ude<br \/>\n82239 Alling<br \/>\nTelefon 08141 \/ 40 40 056<br \/>\nTelefax 08141 \/ 40 40 058<br \/>\ninfo@xsign.de<br \/>\nwww.xsign.de<\/p>\n<ol start=\"2\">\n<li><strong> Name und Kontaktdaten der Datenschutzbeauftragten<\/strong><\/li>\n<\/ol>\n<p>Herr Andreas Kahl<br \/>\nE-Mail: andreas.kahl@xsign.de<\/p>\n<ol start=\"3\">\n<li><strong> Begriffserkl\u00e4rungen<\/strong><\/li>\n<\/ol>\n<p>Wir haben unsere Datenschutzerkl\u00e4rung nach den Grunds\u00e4tzen der Klarheit und Transparenz gestaltet. Sollten dennoch Unklarheiten in Bezug auf die Verwendung von verschiedenen Begrifflichkeiten bestehen, k\u00f6nnen die entsprechenden Definitionen in Art. 4 DSGVO eingesehen werden.<\/p>\n<ol start=\"4\">\n<li><strong> Rechtsgrundlage f\u00fcr die Verarbeitung von personenbezogenen Daten<\/strong><\/li>\n<\/ol>\n<p>Wir verarbeiten Ihre personenbezogenen Daten nur, wenn hierf\u00fcr eine gesetzliche Grundlage gegeben ist. Hier kommen nach der Datenschutzgrundverordnung insbesondere folgende Regelungen in Betracht:<\/p>\n<ul>\n<li>6 Abs. 1 S. 1 lit. a DSGVO: Die betroffene Person hat ihre Einwilligung zu der Verarbeitung der sie betreffenden personenbezogenen Daten f\u00fcr einen oder mehrere bestimmte Zwecke gegeben.<\/li>\n<li>6 Abs. 1 S. 1 lit. b DSGVO: Die Verarbeitung ist f\u00fcr die Erf\u00fcllung eines Vertrags, dessen Vertragspartei die betroffene Person ist, oder zur Durchf\u00fchrung vorvertraglicher Ma\u00dfnahmen erforderlich, die auf Anfrage der betroffenen Person erfolgen.<\/li>\n<li>6 Abs. 1 S. 1 lit. c DSGVO: Die Verarbeitung ist zur Erf\u00fcllung einer rechtlichen Verpflichtung erforderlich, der der Verantwortliche unterliegt.<\/li>\n<li>6 Abs. 1 S. 1 lit. d DSGVO: Die Verarbeitung ist erforderlich, um lebenswichtige Interessen der betroffenen Person oder einer anderen nat\u00fcrlichen Person zu sch\u00fctzen.<\/li>\n<li>6 Abs. 1 S. 1 lit. e DSGVO: Die Verarbeitung ist f\u00fcr die Wahrnehmung einer Aufgabe erforderlich, die im \u00f6ffentlichen Interesse liegt oder in Aus\u00fcbung \u00f6ffentlicher Gewalt erfolgt, die dem Verantwortlichen \u00fcbertragen wurde.<\/li>\n<li>6 Abs. 1 S. 1 lit. f DSGVO: Die Verarbeitung ist zur Wahrung der berechtigten Interessen des Verantwortlichen oder eines Dritten erforderlich, sofern nicht die Interessen oder Grundrechte und Grundfreiheiten der betroffenen Person, die den Schutz personenbezogener Daten erfordern, \u00fcberwiegen, insbesondere dann, wenn es sich bei der betroffenen Person um ein Kind handelt.<\/li>\n<\/ul>\n<ol start=\"5\">\n<li><strong> Speicherdauer und L\u00f6schung<\/strong><\/li>\n<\/ol>\n<p>Wir speichern alle personenbezogenen Daten, die Sie uns \u00fcbermitteln, nur so lange, wie sie ben\u00f6tigt werden, um die Zwecke zu erf\u00fcllen, zu denen diese Daten \u00fcbermittelt wurden, oder solange dies von Gesetzes wegen vorgeschrieben ist. Mit Zweckerf\u00fcllung und\/oder Ablauf der gesetzlichen Speicherungsfristen werden die Daten von uns gel\u00f6scht oder gesperrt.<\/p>\n<ol start=\"6\">\n<li><strong>Erhebung und Speicherung von personenbezogenen Daten sowie deren Art und Zweck der Verwendung<\/strong><\/li>\n<\/ol>\n<p>Beim Aufrufen unserer Website werden durch den auf Ihrem Endger\u00e4t zum Einsatz kommenden Browser automatisch Informationen an den Server unserer Website gesendet. Diese Informationen werden tempor\u00e4r in einem sog. Logfile gespeichert. Um die Qualit\u00e4t unserer Website zu verbessern, werden daher folgende Informationen ohne Ihr Zutun erfasst und bis zur automatisierten L\u00f6schung gespeichert:<\/p>\n<ul>\n<li>IP-Adresse des anfragenden Rechners<\/li>\n<li>Datum und Uhrzeit des Zugriffs<\/li>\n<li>Name und URL der abgerufenen Datei<\/li>\n<li>Website, von der aus der Zugriff erfolgt (Referrer-URL)<\/li>\n<li>verwendeter Browser und ggf. das Betriebssystem Ihres Rechners sowie der Name Ihres Access-Providers<\/li>\n<\/ul>\n<p>Diese Daten k\u00f6nnen nicht bestimmten Personen zugeordnet werden. Eine Zusammenf\u00fchrung dieser Daten mit anderen Datenquellen wird nicht vorgenommen.<\/p>\n<ol start=\"7\">\n<li><strong><strong><strong><br \/>\nAnfrage per E-Mail, Telefon oder Telefax<\/strong><\/strong><\/strong><strong><strong><br \/>\n<\/strong><\/strong>Wenn Sie uns per E-Mail, Telefon oder Telefax kontaktieren, wird Ihre Anfrage inklusive aller daraus hervorgehenden personenbezogenen Daten (Name, Anfrage) zum Zwecke der Bearbeitung Ihres Anliegens bei uns gespeichert und verarbeitet. Diese Daten geben wir nicht ohne Ihre Einwilligung weiter.<br \/>\nDie Verarbeitung dieser Daten erfolgt auf Grundlage von Art. 6 Abs. 1 lit. b DSGVO, sofern Ihre Anfrage mit der Erf\u00fcllung eines Vertrags zusammenh\u00e4ngt oder zur Durchf\u00fchrung vorvertraglicher Ma\u00dfnahmen erforderlich ist. In allen \u00fcbrigen F\u00e4llen beruht die Verarbeitung auf unserem berechtigten Interesse an der effektiven Bearbeitung der an uns gerichteten Anfragen (Art. 6 Abs. 1 lit. f DSGVO) oder auf Ihrer Einwilligung (Art. 6 Abs. 1 lit. a DSGVO) sofern diese abgefragt wurde; die Einwilligung ist jederzeit widerrufbar.<br \/>\nDie von Ihnen an uns per Kontaktanfragen \u00fcbersandten Daten verbleiben bei uns, bis Sie uns zur L\u00f6schung auffordern, Ihre Einwilligung zur Speicherung widerrufen oder der Zweck f\u00fcr die Datenspeicherung entf\u00e4llt (z. B. nach abgeschlossener Bearbeitung Ihres Anliegens). Zwingende gesetzliche Bestimmungen \u2013 insbesondere gesetzliche Aufbewahrungsfristen \u2013 bleiben unber\u00fchrt.<\/li>\n<li><strong>Rechte des Betroffenen<\/strong><\/li>\n<\/ol>\n<p>Bei Verarbeitung Ihrer personenbezogenen Daten gew\u00e4hrt die DSGVO Ihnen als Webseitennutzer bestimmte Rechte:<\/p>\n<ol>\n<li>a) Auskunftsrecht (Art. 15 DSGVO)<\/li>\n<\/ol>\n<p>Sie haben das Recht eine Best\u00e4tigung dar\u00fcber zu verlangen, ob Sie betreffende personenbezogene Daten verarbeitet werden; ist dies der Fall, so haben Sie ein Recht auf Auskunft \u00fcber diese personenbezogenen Daten und auf die in Art. 15 DSGVO im einzelnen aufgef\u00fchrten Informationen.<\/p>\n<ol>\n<li>b) Recht auf Berichtigung und L\u00f6schung (Art. 16 und 17 DSGVO)<\/li>\n<\/ol>\n<p>Sie haben das Recht, unverz\u00fcglich die Berichtigung Sie betreffender unrichtiger personenbezogener Daten und ggf. die Vervollst\u00e4ndigung unvollst\u00e4ndiger personenbezogener Daten zu verlangen. Sie haben zudem das Recht, zu verlangen, dass Sie betreffende personenbezogene Daten unverz\u00fcglich gel\u00f6scht werden, sofern einer der in Art. 17 DSGVO im einzelnen aufgef\u00fchrten Gr\u00fcnde zutrifft, z. B. wenn die Daten f\u00fcr die verfolgten Zwecke nicht mehr ben\u00f6tigt werden.<\/p>\n<ol>\n<li>c) Recht auf Einschr\u00e4nkung der Verarbeitung (Art. 18 DSGVO)<\/li>\n<\/ol>\n<p>Sie haben das Recht, die Einschr\u00e4nkung der Verarbeitung zu verlangen, wenn eine der in Art. 18 DSGVO aufgef\u00fchrten Voraussetzungen gegeben ist, z. B. wenn Sie Widerspruch gem\u00e4\u00df Art. 21 DSGVO gegen die Verarbeitung eingelegt haben, f\u00fcr die Dauer einer etwaigen Pr\u00fcfung, ob unsere berechtigten Interessen gegen\u00fcber den Ihren \u00fcberwiegen.<\/p>\n<ol>\n<li>d) Recht auf Daten\u00fcbertragbarkeit (Art. 20 DSGVO)<\/li>\n<\/ol>\n<p>In bestimmten F\u00e4llen, die in Art. 20 DSGVO im Einzelnen aufgef\u00fchrt werden, haben Sie das Recht, die Sie betreffenden personenbezogenen Daten in einem strukturierten, g\u00e4ngigen und maschinenlesbaren Format zu erhalten bzw. die \u00dcbermittlung dieser Daten an einen Dritten zu verlangen.<\/p>\n<ol>\n<li>e) Widerspruchsrecht (Art. 21 DSGVO)<\/li>\n<\/ol>\n<p>Werden Daten auf Grundlage von Art. 6 Abs. 1 S. 1 lit. f erhoben (Datenverarbeitung zur Wahrung berechtigter Interessen), steht Ihnen das Recht zu, aus Gr\u00fcnden, die sich aus Ihrer besonderen Situation ergeben, jederzeit gegen die Verarbeitung Widerspruch einzulegen. Wir verarbeiten die personenbezogenen Daten dann nicht mehr, es sei denn, es liegen nachweisbar zwingende schutzw\u00fcrdige Gr\u00fcnde f\u00fcr die Verarbeitung vor, die Ihren Interessen, Rechten und Freiheiten gegen\u00fcber \u00fcberwiegen, oder die Verarbeitung dient der Geltendmachung, Aus\u00fcbung oder Verteidigung von Rechtsanspr\u00fcchen.<\/p>\n<ol>\n<li>f) Widerruf der Einwilligung<\/li>\n<\/ol>\n<p>Sie haben gem. Art. 7 Abs. 3 DSGVO das Recht, Ihre Einwilligung jederzeit mit Wirkung f\u00fcr die Zukunft zu widerrufen.<\/p>\n<ol>\n<li>g) Beschwerderecht bei einer Aufsichtsbeh\u00f6rde<\/li>\n<\/ol>\n<p>Sie haben gem. Art. 77 DSGVO das Recht auf Beschwerde bei einer Aufsichtsbeh\u00f6rde, wenn Sie der Ansicht sind, dass die Verarbeitung der Sie betreffenden Daten gegen datenschutzrechtliche Bestimmungen verst\u00f6\u00dft. Das Beschwerderecht kann insbesondere bei einer Aufsichtsbeh\u00f6rde in dem Mitgliedstaat Ihres Aufenthaltsorts, Ihres Arbeitsplatzes oder des Orts des mutma\u00dflichen Versto\u00dfes geltend gemacht werden.<\/p>\n","protected":false},"excerpt":{"rendered":"<p>Datenschutzerkl\u00e4rung Wir nehmen den Schutz Ihrer pers\u00f6nlichen Daten sehr ernst und behandeln Ihre personenbezogenen Daten vertraulich und entsprechend der europ\u00e4ischen und bundesgesetzlichen Datenschutzvorschriften sowie dieser Datenschutzerkl\u00e4rung. Name und Anschrift des f\u00fcr die Verarbeitung Verantwortlichen Die verantwortliche im Sinne der Datenschutz-Grundverordnung, Bundesdatenschutzgesetz und anderer nationaler Datenschutzgesetze sowie sonstiger datenschutzrechtlicher Bestimmungen ist die: Xsign Andreas Kahl\u00a0 Werbetechnik &hellip; <\/p>\n<p class=\"link-more\"><a href=\"https:\/\/x-sign.de\/?page_id=698\" class=\"more-link\"><span class=\"screen-reader-text\">\u201eDatenschutzerkl\u00e4rung\u201c <\/span>weiterlesen<\/a><\/p>\n","protected":false},"author":1,"featured_media":0,"parent":0,"menu_order":0,"comment_status":"closed","ping_status":"closed","template":"","meta":{"footnotes":""},"class_list":["post-698","page","type-page","status-publish","hentry"],"_links":{"self":[{"href":"https:\/\/x-sign.de\/index.php?rest_route=\/wp\/v2\/pages\/698","targetHints":{"allow":["GET"]}}],"collection":[{"href":"https:\/\/x-sign.de\/index.php?rest_route=\/wp\/v2\/pages"}],"about":[{"href":"https:\/\/x-sign.de\/index.php?rest_route=\/wp\/v2\/types\/page"}],"author":[{"embeddable":true,"href":"https:\/\/x-sign.de\/index.php?rest_route=\/wp\/v2\/users\/1"}],"replies":[{"embeddable":true,"href":"https:\/\/x-sign.de\/index.php?rest_route=%2Fwp%2Fv2%2Fcomments&post=698"}],"version-history":[{"count":13,"href":"https:\/\/x-sign.de\/index.php?rest_route=\/wp\/v2\/pages\/698\/revisions"}],"predecessor-version":[{"id":740,"href":"https:\/\/x-sign.de\/index.php?rest_route=\/wp\/v2\/pages\/698\/revisions\/740"}],"wp:attachment":[{"href":"https:\/\/x-sign.de\/index.php?rest_route=%2Fwp%2Fv2%2Fmedia&parent=698"}],"curies":[{"name":"wp","href":"https:\/\/api.w.org\/{rel}","templated":true}]}}